4) + -101 + -62.
-35
Evaluate (-4 + (65 - 10) - -1) + 13 + -17 + -8.
40
What is the value of (13 - -12) + -110 + 82?
-3
What is the value of 1 + (-2 - (-27 + 70))?
-44
-19 + (121 - (123 + -125))
104
-142 + 162 - (59 - 16)
-23
Evaluate 20 + -13 - ((4 - 1) + 1 + -3 - 49).
55
What is the value of -13 + 173 + (-96 - 1)?
63
18 + 0 + 1983 + -2012
-11
Calculate 3 + 14 + -10 + -11 + 3 + 6.
5
Evaluate (2 + 11 - (116 - 107)) + 6.
10
What is the value of 6 + -5 - -4 - ((56 - 1) + -55 + 50)?
-45
What is the value of (17 + -43 - -31) + 4 + -27?
-18
(84 - 73 - (5 - -37)) + 20
-11
Evaluate -11 - (-27 + -20 - -21) - (-4 + -11).
30
Evaluate (5 - -20 - 14) + -79 + 14.
-54
What is 0 + 2 + -7 - ((-10 - -18) + -5 + 3)?
-11
Calculate -25 + -1 + (376 - 377).
-27
Evaluate (-1 - (77 - 70)) + -37 + 2.
-43
What is the value of (39 - (13 + -3)) + -6 + -47?
-24
Calculate 104 + -115 + -15 + -6 + 8.
-24
Evaluate -13 + (5 - 6 - -11) + -25 + 89.
61
Evaluate (-207 - -90) + 61 - -93.
37
What is 132 - 147 - (-30 + 0) - 74?
-59
Evaluate 16 - -18 - -42 - 54.
22
Calculate -1 + 39 + -4 + (-190 - -165).
9
What is -1 + -6 - (-2 + -43 + -2 + (907 - 920))?
53
-93 - -9 - (18 + (-4 - (-2 + (8 - 4))))
-96
What is (46 + -94 - -60) + 63 + 10?
85
What is the value of 243 - 178 - (15 + 24)?
26
1 + (-13 - (1 - 3) - (-11 - (2 - 19)))
-16
Evaluate 27 + (53 + -18 - -11 - 69).
4
Evaluate 10 + (-5 + 45 - (49 - 27)).
28
What is the value of -76 + 34 + -26 + -9 + 23?
-54
What is -2 + (-3 - -87 - 7) + (14 - 16 - 3)?
70
Calculate ((-6 - 0) + 19 - (111 - 72)) + 2 + -1.
-25
Evaluate (8 - -1) + -5 + (5 - -12) + -86.
-65
What is the value of (48 - (2 + 5)) + 1 - 21?
21
What is 11 + -81 - -13 - (14 + 17)?
-88
What is 42 + 0 + (-409 - -394)?
27
What is the value of (76 - 43) + -23 - -77?
87
-4 - ((-15 - -11 - (-6 - -1) - -9) + -33)
19
-5 + 26 + -37 + 10 - (-113 + 0) - 4
103
What is -23 - (34 + -3 + (-440 - -416))?
-30
What is 21 - 6 - (36 - 21)?
0
What is (48 - 35) + (-115 - -85)?
-17
Evaluate 59 - (106 - 135) - 55.
33
What is the value of -100 + 42 - (-11 + 0 + 16)?
-63
What is the value of -16 - 14 - -15 - (-33 + 2)?
16
What is -3 - -1 - (-95 + (192 - 76))?
-23
-43 + -1 - (182 - 228)
2
11 - (-75 + 7) - (-1 + 25)
55
Evaluate (970 - 1010) + 40 + 1.
1
-25 - (-6 - (-3 + (1 - (-1 - -12))))
-32
What is the value of (36 - 72) + (62 - 2)?
24
What is the value of 1 + 8 + -1 - (11 + 1 + -15 + 6)?
5
What is (8 + -4 - 7) + -7 + -9 + 49 + -10?
20
110 + -5 - (34 + 6)
65
Evaluate 0 + -153 - (33417 + -33579).
9
What is the value of (-14 - (11 + -29)) + -16 - -21 - -13?
22
What is 3 + 8 + (4 - (-10 - -15)) + 21?
31
What is 26 + (4 - 2) + (74 - (-3 - -81))?
24
Calculate 13 - (-17 - -12) - 38 - 24.
-44
Evaluate (28 - (-26 + 64 + 1)) + (3 - 2 - -1).
-9
Calculate 18 + 16 + 21 - 112.
-57
What is (80 - (1 + -2) - 1) + (-211 + 250 - 38)?
81
What is 9 + 1 + -1 - -3 - ((87 - 27) + -57)?
9
What is 0 + 2 + -3 + 1 + 626 + -637?
-11
Calculate 59 + -2 - (484 + -471 + (-1 - 3)).
48
-57 + 21 + 38 - (-38 - -4)
36
Evaluate -47 + 31 + (-65 - -47).
-34
-3 - (-22 - (-12 + 3) - -23 - 22)
9
What is -7317 - -7555 - (135 - 1)?
104
Evaluate (2 - (5 + -1)) + 68 - (-3185 - -3199).
52
5 + (35 - (-28 + 37))
31
Evaluate 1 - (-52 + 7 - -20 - (5 - 1)).
30
What is the value of 139 + (-147 - -60) + 84?
136
-60 - (-11 - ((-19 - -11) + -1 + -2 + -1))
-61
Calculate 98 - 2 - (-95 + 33 - -94).
64
What is the value of (-4 - 0) + -11 - (-2 + 12 + -10) - 11?
-26
-12 - 21 - (-27 - -37)
-43
Calculate (-18 + (16 - 4) - -2) + 1 + 4.
1
What is the value of 53 - ((-5 - 1) + (406 - 386) - 22)?
61
What is -45 - (49 + (-133 - -71))?
-32
Calculate 0 - 29 - ((-34 - -26) + (7 - (8 - 6))).
-26
Evaluate -5 + 12 + (-18 + 10 + -60 + 1 - 13).
-73
Evaluate (-39 - (-63 + 51)) + 46.
19
What is (10 - 27 - -43) + -3?
23
Calculate (-11 - 19) + (-1 - (-3 + (-3 - -1))).
-26
Calculate -175 + 33 + 83 - -12.
-47
What is the value of -22 - ((-29 - 5 - -17) + 1 + 126)?
-132
What is 17 + -1 + (-286 - -264) - -11?
5
Calculate -345 + 295 + (66 - -20).
36
Calculate -168 - (17 + (39 + -45 - 37)).
-142
(-3 - (5 + 1 + -1) - -14) + 2
8
Evaluate -10 - -46 - (-812 + 901).
-53
Calculate (-41 + -7 - -8) + 68.
28
What is the value of -37 + (39 - -6 - 30)?
-22
What is the value of (50 - (114 - 160)) + -74?
22
Calculate -1 + 0 + (13 + -61 - (-3 - (-2 + -6))).
-54
What is -4 - (78 - (-34 + (33 - -7)))?
-76
Calculate (-42 - (-24 - 90 - 10)) + (1 + -1 - 2).
80
What is the value of -76 + (67 - 40 - -6)?
-43
-4 + (92 - (5 + -8)) + (-5 + 16 - 8)
94
What is the value of -36 + -9 + (-5 - (-17 - 0))?
-33
What is the value of -25 - (24 + -15 + (2 - -18))?
-54
Calculate 8 + (4 - 11) - (-7 + -14 + -6).
28
Calculate -154 - -172 - (-2 + -1 - (2 + 5 + -8)).
20
10 + -1 + (-18 - -3) + (9 - 52)
-49
Calculate 191 + -170 + 38 - 157.
-98
What is 7 + 0 + -7 - (-31 + 13 - (-94 + 1))?
-75
Evaluate 1985 + -2022 + (44 - 1).
6
What is (14 + 17 + -5 - 16) + (7 - 23)?
-6
What is (-27 - -16) + 4 + (10 - 1) - 33?
-31
Calculate -16 + (570 - 478) + (-1 - 10).
65
(3 - 0) + -64 + (11 - (-6 + (19 - 10)))
-53
What is the value of -9 + 1 + (29 - (10 + 9))?
2
(-2503 - -2556) + (-49 - -3)
7
What is 710 + -794 + (-6 - -215)?
125
What is 7 + 7 + -13 - (24 - (5 + (11 - 4)))?
-11
8 + 1 - ((-17 - (-24 + 2)) + 0) - 10
-6
Evaluate 93 - (53 - -40) - 83.
-83
What is the value of -3 + -7 - (14 + -25)?
1
Evaluate (-1264 - -1365) + (-51 - 0).
50
What is (-13 - 11) + 16 - 18 - 27?
-53
What is the value of -1 - 2 - 0 - (-217 - -219 - (6 + 51))?
52
Calculate 1 - ((-10 - -9) + 20 - 10).
-8
What is the value of -58 - ((-42 - -2) + -3)?
-15
Calculate 1174 - 1188 - (3 - (2 + 0)).
-15
(0 - 16) + (3002 - 2943) + 0 + -46
-3
What is the value of 35 + (-15 - (-21 - -70 - 81))?
52
What is the value of (2 - -3) + 7 + (-60 - -22 - -21)?
-5
(-11 - -54 - (115 + -24)) + 84
36
What is the value of 4 + 1 - (-25 + 7 + 13 - (-48 - 7))?
-45
Calculate -1 + 23 + -760 + 713 + (-12 - 0).
-37
-8 + (27 - 17) + (7 - 11 - (4 + -1))
-5
What is (14 - (-9 + 6)) + 3 + -13 - (-7 + 1)?
13
What is the value of 65 - ((77 - 3) + 37)?
-46
(88 - (-2 + 32)) + -27
31
Evaluate 1 + 88 + -40 + (24 - -6).
79
What is (9 - (-20 + (30 - 13))) + -2?
10
What is the value of -1609 - -1635 - (-6 - 0)?
32
What is -13 - -5 - -9 - -42 - (0 + -12)?
55
Calculate 159 - (198 + 11) - (-1 + 9 + (-5 - -3)).
-56
Calculate -3 + 1 + 30 + (28 - 52) + (0 - -15).
19
Evaluate 28 + 19 + (-14 - -18).
51
Calculate -9 + (-1 - 4 - -2 - (0 + 2 + -1)).
-13
(287 - 282) + (7 + -2 - 36)
-26
Evaluate (-10 - (13 - (-7 + 15 + 32))) + (3 - 9).
11
Calculate (20 - 31 - (20 + (3 - -3))) + 2 + 2.
-33
(3 - -5) + -4 + -45 + 11
-30
What is -9 - (14 - 23) - 23 - -39?
16
What is the value of -94 + (-17 - (-2 - (-7 + -4 - -10)))?
-110
What is the value of 37 - (15 + 7 - -25)?
-10
7 - ((-13 - -1 - (-357 - -212)) + -2 + -16)
-108
What is the value of 1 + -36 - (-66 + 77 + -21)?
-25
Evaluate (15 - (22 - 13) - 8) + 48.
46
Evaluate (26 - 32 - (6 - -2)) + 3 + 9.
-2
Calculate 134 - (13 + -7 + -8 + -4 + 24 + -9).
125
Evaluate -3 + 2 + (-4 - 5) - (-6 + 11 + -8).
-7
What is the value of 10 - ((24 - 1) + 493 + -566)?
60
What is the value of (-5 - 4 - 8) + 2 - (-69 - -92)?
-38
4 + (7 - (-21 + (14 - 8)))
26
What is the value of -15 + 28 + -16 + 0 + 81?
78
Evaluate (-7 + -26 - -114) + 19 + -1.
99
Evaluate (3 - 21) + 24 + -3 - (-2 + -9).
14
What is the value of -57 + (-11 - -30) + (-2 - -2 - 5)?
-43
What is (-14 - (42 - 20)) + (1 + -2 + -1 - -3)?
-35
What is (1 - 24) + -11 + 5 + 6?
-23
-90 + 121 - (3 - 59 - 7)
94
What is the value of (-71 - 71) + 139 + 1 + 90?
88
Evaluate -28 - (-8 + (-38 - -22) + -60).
56
What is (46 - (124 + -59)) + -60 + -1 - 0?
-80
Evaluate 44 - (-2 + 1 + 0 + 7 + 20 + -32).
50
What is (-144 - -118) + 6 + -9?
-29
What is -63 + (-1 - 7 - -10) - (-48 + 35)?
-48
What is the value of -9 - (-4 + (18 - 7) + -8 + -6 - 27)?
25
Evaluate -9 - (-16 + -6 - -11 - -3 - 96).
95
(-57 + 61 - 34) + 78
48
-7 - (-2 + 9 + -1 + (-171 - -167) - 2)
-7
Calculate (17 - -34) + (38 - 75).
14
Calculate 1 + (-25 - (2 + -5) - (-57 + 61)).
-25
What is (-1332 - -1251) + (2 - -175)?
96
-4 - 43 - (-121 - -58)
16
What is (119 - 101) + (-81 - (9 + -7 + 1))?
-66
Evaluate -4 + -32 - (21 - (-13 + 41)).
-29
(22 - -35) + -22 + -110 - -14
-61
16 - (-43 - (29 + -44))
44
17 - 1 - ((-13 - (